5615141 (base 8) to base 4.
11301221201
What is 62400 (base 9) in base 10?
41148
Convert 1210001111 (base 3) to base 14.
caa4
What is 2220100102 (base 3) in base 6?
1120232
Convert -30141415 (base 7) to base 8.
-11416067
101011111001101010 (base 2) to base 16
2be6a
What is 24c84a (base 16) in base 15?
32939a
What is 1068933 (base 11) in base 15?
26e655
7a417 (base 12) to base 4
213303103
-1335211 (base 6) to base 15
-17371
4146b (base 16) to base 6
5421455
10839c (base 13) to base 11
246706
What is -800a0f (base 16) in base 15?
-b0b423
3cbc3 (base 13) to base 3
12210110122
Convert -566535 (base 8) to base 16.
-2ed5d
Convert -122342033 (base 6) to base 8.
-11004645
-2103013 (base 5) to base 6
-424530
-cf3e (base 16) to base 11
-36951
125540452 (base 6) to base 3
11201212200112
Convert 21221011200 (base 3) to base 14.
40c84
What is 30746264 (base 8) in base 10?
6540468
-1002332120 (base 4) to base 16
-42f98
Convert b4e03 (base 16) to base 12.
2b88ab
961833 (base 11) to base 8
5677070
Convert 101111000111110110001 (base 2) to base 5.
343402423
-16b47 (base 14) to base 7
-325320
Convert 1011101111000110101110 (base 2) to base 5.
1241422101
What is -3300041 (base 6) in base 16?
-27df9
What is 12211242 (base 7) in base 6?
35250543
4045573 (base 8) to base 11
66a368
Convert -7b2b75 (base 14) to base 10.
-4195091
What is 1022212022120 (base 3) in base 12?
2a0613
-17bb4b (base 12) to base 2
-1100101001110101011
-110004023 (base 5) to base 3
-212211201010
-365811 (base 10) to base 8
-1312363
What is -16313551 (base 7) in base 13?
-435a30
-2482510 (base 9) to base 14
-273342
What is -405541 (base 10) in base 5?
-100434131
What is -9ad969 (base 16) in base 8?
-46554551
What is 2444434 (base 7) in base 16?
4c97b
What is a1917a (base 14) in base 2?
10100110000100001111000
What is 131155246 (base 7) in base 4?
133332303322
What is 1023421 (base 7) in base 13?
443b9
Convert 220101423 (base 5) to base 6.
32055503
Convert -101112201100222 (base 3) to base 16.
-5582fc
Convert -772746 (base 8) to base 12.
-10625a
Convert -34123 (base 11) to base 6.
-1020401
What is -2321212 (base 6) in base 2?
-11101001011101000
-12210431 (base 5) to base 16
-1c68e
Convert -61978 (base 12) to base 2.
-11111001000101100
What is 136478 (base 16) in base 7?
13542155
What is -920660 (base 10) in base 13?
-263090
What is -22410a (base 13) in base 9?
-1462257
What is -21222012220221 (base 3) in base 7?
-51002221
Convert 1553c7 (base 15) to base 2.
11111011100001011101
153345 (base 12) to base 11
22511a
Convert 1033232 (base 8) to base 16.
4369a
What is -b889b (base 13) in base 11?
-2083a4
-534677 (base 8) to base 5
-21203443
What is -638 (base 10) in base 11?
-530
What is -110378 (base 9) in base 14?
-1a04c
Convert -1100101000101010010 (base 2) to base 13.
-1165ba
What is 2a260c (base 13) in base 5?
231033431
-220013420 (base 5) to base 7
-10656321
What is -213220002 (base 4) in base 3?
-22020122100
Convert 113132112320 (base 4) to base 11.
3523373
What is -386066 (base 14) in base 6?
-105305122
-2163175 (base 9) to base 3
-2012010012112
Convert -d072 (base 14) to base 13.
-13389
Convert -30350022 (base 6) to base 13.
-245a98
Convert 6460a (base 11) to base 14.
26318
Convert -2463454 (base 7) to base 16.
-4daf4
Convert -6163007 (base 8) to base 15.
-223736
-34451124 (base 7) to base 3
-12200110212000
Convert -54263 (base 9) to base 13.
-13488
Convert 3152a73 (base 11) to base 12.
1a3958b
Convert -1230330033 (base 5) to base 15.
-3dce7d
2421023 (base 6) to base 3
20110112120
Convert -322547 (base 15) to base 11.
-1390699
335623 (base 8) to base 10
113555
-20223232010 (base 4) to base 7
-25230143
-94896 (base 11) to base 16
-21bb6
What is 220020221 (base 4) in base 14?
43ca5
What is 41e3b (base 15) in base 10?
209081
-377d7 (base 14) to base 11
-93212
3484a (base 12) to base 7
412021
-4063265 (base 10) to base 9
-7572668
What is -36235 (base 9) in base 3?
-1020021012
What is 146007 (base 8) in base 7?
305164
Convert 13022301 (base 4) to base 5.
1414421
10243015 (base 6) to base 7
2363342
63378 (base 12) to base 6
2442232
Convert -106505 (base 8) to base 9.
-54543
44372266 (base 8) to base 15
c8e2b1
Convert -20120220100010 (base 3) to base 13.
-957a95
-1320143 (base 11) to base 8
-10555204
What is 994de (base 16) in base 12?
26347a
Convert 22a5e0 (base 15) to base 11.
a30543
-212220222210 (base 3) to base 2
-1110010111110010000
Convert -34426 (base 9) to base 10.
-22947
Convert 975080 (base 10) to base 14.
1b54c8
59a84c (base 13) to base 11
122a537
Convert 12c800 (base 15) to base 16.
dc70d
What is -2314230 (base 6) in base 9?
-201070
What is 260572 (base 10) in base 14?
6ad64
96046 (base 13) to base 2
1000001111111010001
Convert -13213030231 (base 4) to base 13.
-54b410
Convert -10110323311 (base 4) to base 11.
-705265
110011110011101001000 (base 2) to base 4
12132131020
-27325 (base 12) to base 7
-313343
3d738 (base 14) to base 12
741b2
-1110210220111 (base 3) to base 7
-6442366
What is -2121145 (base 6) in base 13?
-38420
Convert 53155 (base 6) to base 11.
5455
-154315 (base 7) to base 3
-1112121211
Convert -370075 (base 11) to base 5.
-122220342
Convert -6807b (base 12) to base 14.
-385b1
What is 14288b (base 13) in base 11?
306216
Convert 413865 (base 9) to base 11.
15861a
What is 34500330 (base 6) in base 12?
4346a6
160df6 (base 16) to base 12
598532
Convert -2331113 (base 10) to base 2.
-1000111001000111101001
What is -14436624 (base 7) in base 14?
-279884
What is -ce978 (base 15) in base 8?
-2402770
What is -2fcb0 (base 16) in base 13?
-6b146
What is -1001100122220 (base 3) in base 13?
-1670a0
What is 146713 (base 10) in base 4?
203310121
What is 2001010210102 (base 3) in base 12?
444102
-9662c (base 16) to base 8
-2263054
What is -6a9b1 (base 15) in base 5?
-41332231
25551761 (base 8) to base 3
101201002200211
20503344 (base 6) to base 2
10010010010111110000
What is 4163d (base 14) in base 2?
100110011111000111
What is 3513643 (base 7) in base 16?
6b9a1
Convert -1663141 (base 8) to base 15.
-98a5b
-1012332322 (base 4) to base 7
-2320441
What is -1982bd (base 15) in base 8?
-4573004
What is -1167a79 (base 13) in base 11?
-304a073
What is -116835 (base 11) in base 14?
-4b43a
102322203 (base 4) to base 9
127243
What is 1a06a2 (base 15) in base 2?
100110101010110110111
Convert -1020243 (base 6) to base 14.
-13dab
Convert -c2742 (base 14) to base 8.
-1621706
-5149a1 (base 11) to base 5
-202421140
Convert 1499017 (base 13) to base 7.
110001253
18931c8 (base 13) to base 10
8061126
-100220222101110 (base 3) to base 10
-5274597
Convert -15380 (base 15) to base 16.
-10ac7
What is 1133020130 (base 4) in base 15?
7a6c5
-24bac6 (base 15) to base 8
-6557053
Convert -372697 (base 14) to base 2.
-111001101001110011101
What is 74c80 (base 13) in base 2?
110011011110011111
-1613331 (base 7) to base 14
-5ad18
What is 276a2 (base 12) in base 14?
15c4a
Convert -10503513 (base 8) to base 13.
-612c91
What is -19741c (base 14) in base 2?
-11011100100110100010
Convert 42240050 (base 6) to base 11.
772a97
Convert -174779 (base 10) to base 15.
-36bbe
Convert -c724e (base 16) to base 9.
-1472826
What is 204305530 (base 6) in base 3?
20201101202100
-3ab5424 (base 12) to base 2
-101100100100011100011100
What is -4a69 (base 12) in base 5?
-232213
Convert -333024144 (base 5) to base 9.
-2656702
What is 46872 (base 12) in base 15?
1d035
-20a195 (base 13) to base 11
-482706
1414413122 (base 5) to base 4
31333330123
What is 4322142301 (base 5) in base 3?
122021021121111
Convert 4ec9d0 (base 15) to base 12.
1328836
Convert -314232123 (base 5) to base 13.
-373309
What is 10420122 (base 5) in base 4?
112130020
1b79b8 (base 15) to base 2
101000111101001111001
What is 2401041234 (base 5) in base 3?
101022202211210
2010102121200 (base 3) to base 13
30769b
20593 (base 12) to base 7
234222
-2352c (base 13) to base 2
-1111110001010100
-1010000101111001010 (base 2) to base 10
-330698
Convert -b34c (base 16) to base 11.
-31538
What is -319969 (base 13) in base 3?
-2012010110111
Convert -a72107 (base 15) to base 3.
-112222011100121
What is -10e415 (base 15) in base 7?
-6602234
What is -398426 (base 13) in base 7?
-14544116
122020220 (base 3) to base 15
3ad9
What is 17580 (base 14) in base 15?
125e6
Convert 4758854 (base 